t u = k - -3. Let c(r) = r**3 - r + 2. Calculate c(u).
-4
Let z(j) be the first derivative of j**2/2 + j - 71. What is z(-2)?
-1
Let d(s) = 2*s**2 + 3*s. Let l be d(-2). Let p(k) = 7*k + 17. Let a(x) = -4*x - 9. Let v(q) = -11*a(q) - 6*p(q). Calculate v(l).
1
Let p(g) = -1 - 2 - g**2 - 3*g - g**2. Suppose -2*x + 3 = -5. Suppose -x*t - 8 = -0*t. What is p(t)?
-5
Let k(q) = -2 - 1 + 3 - 3*q + 2. Determine k(2).
-4
Let a(v) = v + 3. Let u be a(-3). Suppose 5*k - 10 = u, 4*w - 29 = 4*k + 3. Let r = w + -7. Let j(i) = -i + 3. Determine j(r).
0
Let l(n) = n**2 - 5*n - 2. Let z(i) = -i - 1. Let m(o) = -l(o) + 3*z(o). Suppose -4*q = 3*c - 19, -21 = -5*c - 3*q - q. Determine m(c).
0
Let u(h) = 7*h - 3. Suppose 0 = 5*b - 9 - 1. Calculate u(b).
11
Let f(a) = 7 - 11 + 1 + 1 + a. Give f(2).
0
Let p(n) = n**2 + 4*n - 2. Let k(l) be the first derivative of -2*l**2 + 3*l + 2. Let m be k(2). Determine p(m).
3
Let t = -20 - -12. Let x = t + 11. Let s(l) = -2*l**2 + 3*l + 1. Calculate s(x).
-8
Let n(v) be the second derivative of -v**5/20 + 7*v**4/12 - v**3/2 - 7*v**2/2 - 10*v. Calculate n(6).
11
Let j(q) = 6 + 2*q**2 + 0*q**2 - 3*q**2 - 3*q - 10. Calculate j(-3).
-4
Let z(u) = -u**3 + 2*u**2 + 3. Let j = -18 + 7. Let x = -8 - j. Give z(x).
-6
Let d(f) = 17*f - 4. Let r(o) = 8*o - 2. Let p(a) = -6*d(a) + 13*r(a). Let l = -17 - -15. Let i be 3*(0 - 1 - l). What is p(i)?
4
Suppose -2*f - 4 = -50. Let d(r) = -44*r - 3 + 22*r + f*r. Give d(5).
2
Let p(u) = -2*u**3 - 17*u**2 - 10*u - 3. Let m(h) = -1 - 4*h**2 - 4*h**2 + 3*h + h**3 - 2*h**3 - 8*h. Let y(a) = 5*m(a) - 2*p(a). Give y(-5).
1
Let f(b) = 2*b - 4. Let k(u) = -u + 5. Let g(q) = 3*f(q) + 4*k(q). What is g(-7)?
-6
Let f(q) = -20*q + 14. Let r(i) = -4*i + 3. Let h(d) = -6*f(d) + 28*r(d). Calculate h(-1).
-8
Let s(o) = o**2 + 2*o - 7. Let v = 2 + -1. Let p be 3*-2 - (-3)/v. Let m = p - 2. Determine s(m).
8
Let y be ((-24)/(-28))/(3/14). Let t(r) = r**2 - 6*r + 3. Calculate t(y).
-5
Suppose 64 = -2*h + 3*h. Let a be h/(-24)*(-3)/2. Let q(d) = -d**3 + 5*d**2 - 5*d + 6. What is q(a)?
2
Let d(b) be the second derivative of -b**4/12 + b**3/2 - 3*b**2/2 + 3*b. Calculate d(4).
-7
Let t(o) = -6*o + 15. Let f(j) = -4*j + 10. Let h(w) = -7*f(w) + 5*t(w). Give h(5).
-5
Let i = 8 + -2. Let z(l) = -4*l + 1 + 3*l + i*l. What is z(1)?
6
Let l(z) = 11*z + 5. Let t(d) = -4*d - 2. Let f(q) = -3*l(q) - 8*t(q). Determine f(-6).
7
Let x(i) = i**2 + 5*i + 2. Let c(h) = h. Let w(n) = 2*c(n) - x(n). Determine w(-4).
-6
Let t(a) = -a**3 + 7*a**2 + a - 5. Let h be t(7). Let o be h/(-8) - (-10)/8. Let d be -1*(0 - (-1 + o)). Let p(n) = n - 4. Give p(d).
-4
Let z(l) = -18*l + 48*l - 20 - 31*l. Calculate z(0).
-20
Let h(y) = -y**2 + 5*y - 3. Suppose 2*g + 4*k = 4, 3*g + 42 = 2*k + 16. Let j be 1*3/g*-8. Suppose -3*c + j = -5. What is h(c)?
3
Let v(k) = k**2 + 1. Let q be v(-2). Let c(t) = 5*t**3 - 9. Let r(d) = 6*d**3 + d**2 + d - 10. Let h(p) = 5*c(p) - 4*r(p). Give h(q).
0
Let h(l) = -l + 2. Let o(v) be the second derivative of v**3/2 + v**2/2 - 3*v. Let n be o(-2). What is h(n)?
7
Let a = 125 - 125. Let d(x) = -x - 9. Give d(a).
-9
Let w(a) = a**3 - 4*a**2 + 3*a + 1. Let j = -17 - -20. Calculate w(j).
1
Let q be 3/(-1) - (-1 - -4). Let b(k) = -3*k - 9. What is b(q)?
9
Let c(k) = -k**2 - 3*k - 1. Suppose -5*s - 3 = 2. Let l be (1 + -1)/(-1) - s. Suppose 0 = -t - 3 - l. What is c(t)?
-5
Let q(y) = -y**3 - y**2 + y - 2. Let i be q(-2). Let z(f) = f**3 - 2*f**2 - 3*f + 2. Let r be z(3). Let l(t) = -r - t**2 + i + 0*t**2. Calculate l(0).
-2
Let r(q) = 3*q**2 + 7*q. Let u(v) = -13*v**2 - 29*v - 1. Let c(j) = -9*r(j) - 2*u(j). Determine c(-5).
2
Let l(w) be the third derivative of -w**5/60 - w**3/2 + 19*w**2. What is l(3)?
-12
Let l(a) = -a + 9. Let g be l(9). Let y(k) be the third derivative of -k**4/24 + 7*k**3/6 + k**2. Give y(g).
7
Let t(b) = b**3 - 3*b**2 + b + 2. Let c(a) = 2*a**3 + 10*a**2 - a - 2. Let k be c(-5). Calculate t(k).
5
Let j(v) = 6*v - 10. Let g(p) = p. Let z(n) = 8*g(n) - j(n). Let s be z(-8). Let a(y) = -3*y - 7. Give a(s).
11
Let y(i) = i - 10. Let n be (2 - 1 - -2)*3. Let g = 15 - n. Calculate y(g).
-4
Let v(s) = 2 - s**3 + 5*s**2 + s**2 + 2*s**3 + s - 2*s**2. Let f be v(-4). Let h(u) = 5*u. Calculate h(f).
-10
Let q(y) = y + 4. Let u be -8*2*4/(-8). Suppose 5 = -n - r, -2 - u = 2*n + 3*r. Give q(n).
-1
Let v(z) = 2*z + 4. Let i be 27/(-9) - (1 + -1). Determine v(i).
-2
Let c(s) be the third derivative of 0*s**3 - 1/24*s**4 + 7*s**2 + 0 + 0*s. Let f(k) = -k**3 + 5*k**2 - 4*k + 5. Let n be f(4). Determine c(n).
-5
Let l(m) be the first derivative of -3*m**2 + 2*m - 24. Determine l(-2).
14
Let t(x) = -x**3 + 6*x**2 + 8*x + 7. Let q be t(7). Let p = 18 - q. Let v(b) = 4 - 3*b + b**2 - b**3 + 3*b**2 + 1. Calculate v(p).
-7
Let u(o) = 5*o**3 + 51*o**2 + 30*o - 4. Let s(w) = -w**3 - 10*w**2 - 6*w + 1. Let r(p) = -11*s(p) - 2*u(p). What is r(-7)?
4
Let g(t) = 11*t + 1. Suppose -3*u = -4*r - 7, -r + 0*r = -u + 2. Suppose -5 = -4*l - u. What is g(l)?
12
Let y(x) = 2*x**2 + 0 - 18*x + 3 + 16*x - 1 + x**3. Calculate y(-4).
-22
Let l(k) be the second derivative of 2*k**3/3 - k**2/2 + 5*k. Determine l(-1).
-5
Let w(j) = -8*j**2 + 17*j**2 + 5 + 1 + 2*j - 10*j**2. Give w(-4).
-18
Suppose 5*a + 15 = 0, -x = 5*a - a + 6. Let j(o) = -5 + 0*o**2 - 5*o**2 - 5*o + 9*o**3 - 8*o**3. Determine j(x).
1
Let i(x) = x + 1. Let y(n) = 4. Let q(g) = -4*i(g) + y(g). Calculate q(-2).
8
Suppose 0 = -4*m - 6 - 2. Let s(q) = -q**2 + q. Let k(i) = i**2 - i + 4. Let h(t) = m*s(t) - k(t). What is h(3)?
2
Let t = -19 - -21. Let h(k) = 2*k**3 + k**2 - k. Give h(t).
18
Let n = -1 + 3. Let p = 3 - 1. Let q(u) = -3*u + 3*u - 1 - p + 5*u. What is q(n)?
7
Let q(r) = -r**2 + 5*r. Suppose 4*o = 6*o - 6. Give q(o).
6
Suppose 2*v + 2*v - 12 = 0. Let j = v + -1. Suppose j*l - 15 = -4*q + 3, -4 = -2*q. Let s(x) = -x**3 + 5*x**2 - x + 5. What is s(l)?
0
Let l = 83 + -90. Let a(n) = n**2 + 11*n + 8. Determine a(l).
-20
Let h be 4/3 + 1/(-3). Let b(x) be the first derivative of -x**2/2 + x + 4. Determine b(h).
0
Suppose -10 - 2 = -6*f. Suppose f*w - l + 8 = -4*l, 3*l = 5*w - 22. Let o(h) = -2 + 1 + 2*h + 4*h. Give o(w).
11
Let p = 197 - 193. Let x(j) = -3*j + 5*j + 2 - 4*j. Determine x(p).
-6
Let h = 4 + -3. Let w be (-1)/h*1 + 4. Let x(q) be the third derivative of -q**6/120 + q**5/30 + q**3/2 + q**2. Calculate x(w).
-6
Let i(q) = -4*q - 2. Let f be ((-2)/6)/((-8)/(-24)). Let t = f + -2. Give i(t).
10
Suppose -2*d = -3*t + 2*d - 11, -5*d + 10 = 0. Let h(x) = -3*x**2 - x - 1. Calculate h(t).
-3
Let m(b) be the first derivative of b**2/2 + 4*b - 1. Suppose 3*r + 2 - 8 = 0. Suppose -2*h - 2*j = -4*j, -r*h = 2*j + 20. Determine m(h).
-1
Suppose 7*z - 8 = 5*z. Let y(g) = -z*g**2 - 3*g + 8*g**2 + 1 + g. What is y(1)?
3
Let b(x) = -x + 14. Let p = -5 + 11. Give b(p).
8
Let z(j) = j**3 - 7*j**2 - 7*j + 10. Let x(t) = t**2 - 1. Let i(p) = 3*x(p) + z(p). What is i(5)?
-3
Let c(t) = -t**3 - 8*t**2 + t + 5. Let s(y) = y**3 + y**2 - y - 1. Let a(f) = c(f) + 2*s(f). Let w be a(6). Let m(j) = -j**2 - 3*j - 2. Give m(w).
-2
Let z(q) be the second derivative of -q**5/20 + q**4/6 + 2*q**3/3 + 3*q**2/2 + q. Suppose -c + 2*g = 5, c - 2*g = -c - 8. Let f = c - -1. What is z(f)?
11
Suppose 2*r + 5*s = 5*r - 20, -s - 4 = -4*r. Let b(a) = a - 7. Give b(r).
-7
Let v(z) = -4*z**3 + 3*z**2 + 4*z + 4. Let m(i) = -9*i**3 + 6*i**2 + 9*i + 8. Let b(p) = -3*m(p) + 7*v(p). What is b(3)?
7
Suppose 4*d + 3*z = -7, -3 = -2*d - d - 5*z. Let v(c) = 3*c. Calculate v(d).
-12
Let o be (6/27)/(12/54). Let h(y) be the second derivative of 0 + 1/2*y**2 + 0*y**4 - 1/3*y**3 + 1/4*y**5 + 2*y. Determine h(o).
4
Let v be (-1)/(-1 + (-30)/(-32)). Suppose -2*t + 14 = v. Let y(j) = -1 + 5*j - 2*j + j**2 + 8*j**3 - 4*j. Calculate y(t).
-7
Let i(n) = n + 8. Let t be i(-6). Let w(d) = -3*d + d**t - 8 + 3 + 0 + 2. Determine w(3).
-3
Let i(b) = b**2 + 3. Let q(o) = -o**3 - 11*o**2 - 9*o + 10. Let f be q(-10). Calculate i(f).
3
Let j(a) = 2*a - 3. Let k(p) = -p**3 - 9*p**2 + p + 6. Suppose -19 = -2*x + 4*x + r, r - 8 = x. Let v(i) = 2*i + 9. Let l be v(x). Let f be k(l). Give j(f).
-9
Let h be 3/(-3 - 18/(-8)). Let z(c) = 7*c**2 + 13*c + 9. Let q(u) = -3*u**2 - 6*u - 4. Let s(l) = -5*q(l) - 2*z(l). What is s(h)?
2
Let a(g) =